 prime number?
False
Suppose s + 1070761 = 5*a, 0 = -2*a - 130*s + 134*s + 428326. Is a composite?
True
Let s(n) be the first derivative of 3*n**3 + 41*n**2/2 + 77*n + 24. Is s(-26) a composite number?
True
Let y be (-2 + -1)*(-1 - 4/6). Suppose 4*j + 3 + 13 = -y*x, 0 = 2*x + 8. Is (838/(-3))/(((-4)/18)/j) prime?
False
Suppose -w + 4*p = w - 12, 2*p = -4*w - 6. Suppose -o - 4*o - 2*z - 14 = w, -o - 4 = z. Let s(v) = -373*v**3 - v**2 - 2*v + 3. Is s(o) composite?
True
Suppose y + 4*a = 5*y + 2904, 5*y + 5*a = -3590. Let r = 399 - y. Is r prime?
False
Let q = 82325 + 42162. Is q composite?
True
Suppose q - 2 = 0, 119876 = 5*b - 2*q - 187655. Is b a composite number?
False
Let u(q) = 123 - 48 + 8 + 72*q + 231*q. Is u(12) a prime number?
True
Let h = 133936 + -37535. Is h prime?
True
Let g = 55 - 44. Let v be (11 - g)/((3 + -2)*-1). Suppose -3*l = -4*c - v*l + 281, -4*l - 202 = -3*c. Is c prime?
False
Let h(c) = -c. Let f(m) = -320*m**2 + 4*m + 1. Let w(x) = -f(x) - 4*h(x). Let z be w(1). Suppose 5*p = 3*k + z, 0*p - 4*k = 5*p - 333. Is p a composite number?
True
Let l = -6392 - -11945. Suppose 0 = y + 2*y - l. Is y a composite number?
True
Let l = 8 + -5. Suppose 2*n = -4*o + 52, -3*n - l*o + 83 = 2*o. Suppose -n = -2*r + 130. Is r a composite number?
False
Let b = 28222 - 6605. Let p = b + -11886. Is p a composite number?
True
Let j = -70 + 95. Let o(i) = -18*i + j + 9*i**2 + 8*i + 8*i. Is o(10) prime?
False
Let y(l) be the third derivative of -197*l**4/12 + 13*l**3/6 + 4*l**2. Is y(-15) prime?
True
Let t(n) = -453*n**3 + 2*n**2 - 72*n - 444. Is t(-7) a prime number?
True
Let a(j) = -j**2 - 18*j - 2. Let g be a(-18). Let z be 4*(4 - 511/g). Let d = -733 + z. Is d composite?
True
Let s = -1240 + -614. Let m(u) = u**3 - 2*u**2 - 14*u + 38. Let f be m(9). Let h = f - s. Is h a prime number?
True
Let u(n) = 23706*n - 533. Is u(4) a composite number?
False
Let q be 6/5*(1 + (-85)/(-15)). Let h(j) = 25*j**2 - 19*j + 11. Let r(s) = 24*s**2 - 18*s + 10. Let u(p) = -5*h(p) + 6*r(p). Is u(q) a prime number?
True
Suppose -2033*h - 3599652 = -2045*h. Is h prime?
False
Suppose -2*x + 10*x - 19008 = 0. Suppose -3060 = -5*q + y + x, -2170 = -2*q - 4*y. Is q a composite number?
False
Let h be -3 + (-1)/(3 - 680/225). Suppose -200178 = -h*v + 62196. Is v composite?
False
Suppose 3*b - 425365 = 4*q, -q - 156997 = -b - 15209. Is b a composite number?
True
Suppose -2*d + 212997 - 32407 = 4*l, -3*l + 5*d = -135488. Is l prime?
False
Let a = -43310 - -94017. Is a a prime number?
True
Suppose -2*b + 7*b - 12 = -q, -2*q = 4*b - 18. Suppose 6*g - q*g + 345 = 0. Suppose -p = -589 - g. Is p composite?
True
Suppose 2*v = -s + 111739, v + 447010 = 149*s - 145*s. Is s a composite number?
False
Let b(c) be the second derivative of 8698*c**3/3 + 59*c**2/2 - 117*c. Is b(1) a prime number?
False
Let v = -11 + -34. Let w = 49 + v. Suppose n = -3*h + 7306, -n - 4762 = -w*h + 4977. Is h prime?
False
Let n(m) = 67*m**2 + 14*m + 26. Suppose -43 = 14*q + 83. Is n(q) a prime number?
False
Suppose 840795 + 5642717 = -9*u + 17*u. Is u prime?
False
Let m = -294654 + 507836. Is m composite?
True
Suppose 2*o + 3 = -m, -5*m + m = 3*o + 17. Let g be ((2 + -2)/(-1))/o. Let v(b) = -b**3 + 4*b + 1961. Is v(g) composite?
True
Let q = 22 + 52. Let t = -67 + q. Suppose -443 = -t*c + 558. Is c composite?
True
Let v(k) = -139*k**3 - k**2 + 10*k - 201. Is v(-8) a composite number?
False
Let v(c) = -2*c**3 + 6*c**2 + 5*c - 3. Let m(b) = b**3 - 5*b**2 - 4*b + 2. Let w(k) = 4*m(k) + 3*v(k). Let o be w(2). Is (-10)/(-45) - 588/o composite?
True
Let q be (-4331360)/(-25) - (-6)/(-15). Suppose -5*p - 51650 + 268231 = 2*l, -2*l - q = -4*p. Is p composite?
True
Is (-12)/((-480)/4076668) + 2 + (-85)/50 prime?
True
Let h = 1355920 + -343059. Is h a prime number?
True
Let b = 30387 + -94. Is b a composite number?
False
Suppose 9*t - 260208 - 101538 = 0. Let q = t - 25603. Is q composite?
False
Let p = -66139 + 192026. Is p a prime number?
True
Suppose 2*n - 3 = 5. Suppose -17*c = -4*c + 1287. Let i = n - c. Is i a composite number?
False
Let k(p) = 3930*p**2 + 12*p + 12. Let n be k(-1). Let h = n + -988. Is h a prime number?
False
Suppose 149*q = -117*q + 30227974. Is q prime?
False
Let b be 54/(4/(-2272)*-4). Suppose -3*j - 4*s = j - b, 9589 = 5*j + 4*s. Is j composite?
True
Suppose -690*k + 709*k = 140163. Is k a prime number?
False
Suppose 0 = -70*p + 60*p + 30. Is (3 - (4 - p))/((-14)/(-469)) a composite number?
False
Suppose 2 = -3*h + 4*o, -3*h = 2*h - 2*o - 6. Suppose h*t - t = 2164. Let g = -879 + t. Is g a prime number?
False
Suppose 2*s = 3 - 41. Let m(b) = -b - 16. Let t be m(s). Suppose 0 = 5*h + 2*z - 3345, 3*h - 2375 = -t*z - 368. Is h a composite number?
True
Let h(c) = 3736*c**2 + 7*c + 39. Let g be h(-4). Suppose 3*t + t = -4*f + 47832, 5*t + 2*f - g = 0. Is t composite?
True
Let a = 8348 + -4795. Let r = 6740 - a. Is r a composite number?
False
Let g(r) = 21*r**2 - 97*r + 3253. Is g(67) composite?
True
Is ((-74)/(-6))/(2/3*(-48)/(-25824)) prime?
False
Let v(i) = -75*i - 130. Let a be v(-40). Let y = 8601 - a. Is y a prime number?
False
Suppose -28305 = 8*j - 23*j. Suppose 6*c - 20835 = j. Is c a composite number?
True
Suppose -5 = -7*d + 2. Suppose 2*c + 10 = 0, -2*q = -c + d - 6. Is q + (4156/16)/(2/8) a composite number?
False
Suppose -t - 5036 = 650. Let y = 6 + -2. Is t/y*2*-1 a prime number?
True
Suppose 227060 = 4*j + 22*f - 24*f, f + 170297 = 3*j. Is j a prime number?
True
Suppose -5*r + m = -0*r + 57, 3*m - 27 = 3*r. Is (-1)/r - (-1774358)/408 composite?
False
Let o(x) = -x**3 - 6*x**2 - 5*x + 2. Let u be o(-5). Let c(t) = 26*t**2 - 9*t**3 + u*t + t + 8*t**3 - 15 - 14. Is c(26) a composite number?
True
Suppose 333067 = 2*l - 5*d - 1028035, -2*l - 2*d = -1361046. Is l a prime number?
True
Let p = 106526 - 72327. Is p a prime number?
False
Let u(p) = -4*p**3. Let b be 2/((-1)/1 + -1). Let k be u(b). Suppose g - k*v + 931 = 4*g, -4*v - 1605 = -5*g. Is g a prime number?
True
Suppose -2*z + 100236 + 100421 = 3*l, -5*z + 3*l = -501674. Is z a prime number?
True
Is (42342/(-96)*-24)/((-9)/(-102)) a prime number?
False
Suppose -270*g = -266*g - 20. Is 41012/16 - (10/8)/g prime?
False
Suppose 22*a - 2537886 - 536930 - 1296782 = 0. Is a a prime number?
False
Is 437911 - 1/((30/(-24))/(-5)*2) a composite number?
False
Is 674527/7 + 0*2/4 a prime number?
False
Let x be 87 + (6/24)/(1/(-4)). Let u be 2 + -4 - 5 - -3. Is (6/u)/((-3)/x) composite?
False
Let c(f) = -f**3 + 10*f**2 + 16*f - 70. Let p be c(10). Suppose -8166 = -96*x + p*x. Is x a prime number?
True
Suppose y + 4*k = 8*k + 81, -4*k = -4. Suppose t = y - 65. Is ((-13)/39 - t/(-6))*29 composite?
True
Let f = -930 - -6362. Suppose -4*j + 5*q + 5429 = 0, -51*q - f = -4*j - 47*q. Is j a prime number?
True
Suppose 18*d + 30 = 8*d. Is (-829345)/(-605) + (6/(-11))/d a composite number?
True
Let m(z) = 3*z**2 - 6*z - 5. Let y be m(-3). Suppose y*s = 37*s. Suppose -10*x + 4*x + 198 = s. Is x a prime number?
False
Let r = -207 + 211. Suppose 0 = -r*w + 86158 + 6214. Is w a prime number?
False
Suppose -5 = -w - 4*w + 5*f, 4*w + 3*f + 3 = 0. Is w + -4 + -1 - -1678 a prime number?
False
Let j(h) = -1 - 5*h**3 + 8*h**3 - h**2 + 4*h - 2*h**3. Let c be j(-5). Let d = 80 - c. Is d a composite number?
False
Suppose 35*f - 39*f + 2*p + 154126 = 0, -5*p = -f + 38536. Is f prime?
False
Let m = 136756 + -56817. Is m prime?
True
Is (88 + -83)*(-215396)/(-20) a prime number?
True
Let z(c) = c**3 + 7*c**2 + 10*c. Let w be z(-5). Suppose w = 6*y - 17111 + 4541. Is y a composite number?
True
Let x = 292 - 290. Suppose 0 = 2*h + 6, 0 = 3*f - f - x*h - 2388. Is f a composite number?
True
Let q(t) be the first derivative of 285*t**2/2 - 66*t - 24. Is q(13) a prime number?
False
Suppose 0 = 2*a, 11 = -2*p - a - 7. Let h(x) = -1125*x + 58. Is h(p) prime?
False
Suppose 2286002 = 53*r - 9*r + 18*r. Is r prime?
True
Let b(y) = -2*y - 7. Let p be b(-5). Suppose 892 = p*z - 107. Let v = z - -664. Is v composite?
False
Suppose 0 = 3*p - 15, 15 + 4 = d + 3*p. Suppose -2*s = -d*y - 972, -4*s - 2*y + 1924 = -0*s. Suppose 0 = 5*z - 243 - s. Is z prime?
False
Let b(g) = g**3 - 46*g**2 - 94*g - 80. Let u be b(48). Is (15352/u + 6)*2 a composite number?
False
Suppose -3*z - 3*w 